at is m(1)?
56
Let x(g) = g**3 - 15*g**2 - 20*g - 106. Give x(18).
506
Let y(l) = 175*l - 2793. Calculate y(16).
7
Let t(v) = -v**3 + 1006*v**2 + 4037*v - 5. Calculate t(-4).
7
Let a(r) = -r**3 + 134*r**2 + 344*r - 9812. Determine a(136).
-20
Let u(v) = -v**3 - 48*v**2 + 45*v + 360. Give u(-49).
556
Let i(y) = y**3 + 24*y**2 + 121*y + 37. What is i(-7)?
23
Let m(r) = r**2 - 17*r - 173. What is m(-8)?
27
Let j(n) = 35*n - 41. What is j(8)?
239
Let y(l) = -4*l**2 - 120*l - 107. Give y(-29).
9
Let r(o) = 61*o - 164. Give r(3).
19
Let i(b) = 4*b**2 - 34*b + 36. What is i(1)?
6
Let c(z) = 7*z - 232. Calculate c(13).
-141
Let m(a) = 2*a**3 - 3*a**2 - 49*a - 12. Give m(0).
-12
Let m(l) = -625*l + 3742. Give m(6).
-8
Let n(b) = -b**3 + 16*b**2 - 23*b + 60. Give n(15).
-60
Let w(x) = -2*x**2 - 148*x - 2031. Give w(-16).
-175
Let b(s) = -s**3 + 18*s**2 - 26*s + 168. Give b(17).
15
Let q(f) = f**2 + 41*f + 262. Give q(-9).
-26
Let d(m) = -5*m**3 + 22*m**2 - 26*m - 2. Determine d(3).
-17
Let h(g) = -9*g**2 - 44*g - 93. Determine h(-3).
-42
Let s(h) = 22*h + 770. Determine s(-31).
88
Let i(z) = -z**3 - 187*z**2 - 1091*z - 898. Determine i(-181).
7
Let m(t) = t**3 + t**2 - 4*t - 246. Give m(0).
-246
Let h(r) = r**3 - 17*r**2 - 25*r + 48. Calculate h(-3).
-57
Let y(k) = -4*k**3 + 81*k**2 + 65*k - 51. What is y(21)?
-9
Let q(y) = -2*y**3 + 23*y**2 + 20*y - 92. Determine q(12).
4
Let w(l) = 6*l**2 + 27*l + 37. What is w(-3)?
10
Let n(y) = y**3 + 15*y**2 + 16*y + 31. What is n(-14)?
3
Let w(o) = 9*o**2 + 32*o - 112. Calculate w(4).
160
Let n(y) = 25*y**2 - 10. What is n(0)?
-10
Let p(t) = t**3 - 11*t**2 - 156*t - 23. Calculate p(-8).
9
Let x(j) = -17*j**3 - 14*j + 26. What is x(2)?
-138
Let w(f) = 276*f**3 - 3*f**2 - 4*f - 1. Calculate w(-1).
-276
Let f(r) = -r**3 + r**2 + 37*r - 122. What is f(-8)?
158
Let z(t) = -t**2 - 5*t - 11. Give z(-8).
-35
Let v(o) = -23*o**2 - 12*o + 41. What is v(-5)?
-474
Let w(r) = 2*r**2 + 36*r - 1968. Determine w(-37).
-562
Let a(c) = 2*c**3 + 34*c**2 + 243*c + 873. Give a(-9).
-18
Let s(y) = y**2 - 282*y - 1152. Give s(-4).
-8
Let b(u) = -37*u**2 + 461*u + 49. What is b(13)?
-211
Let n(d) = 50*d**2 - 83*d - 28. What is n(2)?
6
Let t(v) = 8*v + 272. What is t(-29)?
40
Let h(v) = -13*v**2 - 40*v - 34. Calculate h(-6).
-262
Let o(v) = -238*v + 236. What is o(1)?
-2
Let x(m) = 2*m**2 + 19*m - 2859. Determine x(-43).
22
Let v(k) = -1248*k + 46186. Calculate v(37).
10
Let p(y) = -y**3 + 17*y**2 - 158*y + 1908. Determine p(15).
-12
Let t(o) = 2065*o - 136283. Give t(66).
7
Let p(g) = 53*g**2 + 316*g - 17. Give p(-6).
-5
Let t(w) = -12*w - 1089. Calculate t(-32).
-705
Let m(a) = 21*a**2 - 10*a - 17. Determine m(-2).
87
Let z(g) = -17*g**3 - 11*g**2 - 19*g - 9. Determine z(-2).
121
Let l(q) = -q**2 - 64*q - 88. What is l(-62)?
36
Let i(t) = 36*t**2 + 585*t + 121. Give i(-16).
-23
Let t(p) = -5*p**3 - 79*p**2 + 12*p - 42. What is t(-16)?
22
Let t(j) = -12*j**3 + j**2 - 27*j + 25. Give t(1).
-13
Let l(t) = 124*t - 28774. Give l(232).
-6
Let c(n) = -32*n**2 + 7*n + 6. Calculate c(1).
-19
Let v(t) = t**3 + 111*t**2 + 823*t - 6. Determine v(-8).
2
Let b(m) = 41*m + 325. Determine b(-4).
161
Let m(q) = -9*q + 50. Determine m(6).
-4
Let g(u) = -167*u - 2146. Determine g(-13).
25
Let r(c) = -21*c**3 + 401*c**2 - 43*c + 17. Calculate r(19).
-78
Let r(l) = 2*l**3 - 79*l**2 + 42*l - 23. Calculate r(39).
94
Let u(f) = 5*f**2 + 10*f - 4. What is u(-4)?
36
Let s(c) = -12*c**2 - 561*c - 68. What is s(-47)?
-209
Let i(g) = -123*g + 45749. Determine i(372).
-7
Let y(a) = -2*a**2 - a + 26. What is y(9)?
-145
Let k(l) = 319*l - 4002. Determine k(13).
145
Let n(g) = 76*g**2 + 761*g + 13. What is n(-10)?
3
Let l(x) = -2*x**3 - 13*x**2 + 33*x - 14. Determine l(2).
-16
Let i(d) = -2*d**3 - 55*d**2 - 21*d + 148. Calculate i(-27).
-14
Let h(o) = -4*o**2 - 51*o - 51. Determine h(-16).
-259
Let v(j) = -7*j - 66. What is v(-1)?
-59
Let i(n) = -n**2 + 38*n - 327. Give i(25).
-2
Let i(b) = -b**2 + 19*b - 14. Calculate i(13).
64
Let u(z) = -1313*z + 19692. Calculate u(15).
-3
Let w(c) = c**3 - 78*c**2 + 2*c - 33. Give w(0).
-33
Let n(f) = 3*f**3 + f**2 - 23*f + 9. Give n(0).
9
Let t(q) = -251*q + 2176. Calculate t(9).
-83
Let j(s) = 4*s - 1087. What is j(268)?
-15
Let o(h) = 85*h - 1. Calculate o(1).
84
Let a(n) = 10*n + 135. Give a(-11).
25
Let r(n) = n**2 - 104*n + 2189. Give r(29).
14
Let z(q) = -434*q + 1437. What is z(3)?
135
Let g(l) = 7321*l + 36572. Calculate g(-5).
-33
Let y(a) = -6*a**3 + 3*a**2 + a - 4. Determine y(0).
-4
Let p(x) = 1092*x - 36042. What is p(33)?
-6
Let d(f) = -f**2 + 9*f - 32. Calculate d(6).
-14
Let t(c) = -129*c - 1544. Determine t(-7).
-641
Let j(u) = u**3 + 20*u**2 + 43*u + 35. Give j(-10).
605
Let c(v) = -2*v**2 - 14*v - 8. Give c(-7).
-8
Let j(l) = -l**2 - 4*l - 11. What is j(8)?
-107
Let y(o) = 105*o + 6399. Give y(-61).
-6
Let t(c) = -294*c - 2341. Give t(-8).
11
Let p(l) = -3*l**2 + 33*l + 53. Give p(17).
-253
Let z(j) = 10*j**2 + 23*j - 137. Calculate z(-5).
-2
Let y(n) = 371*n - 2543. Calculate y(7).
54
Let r(q) = -4*q**3 + 4*q**2 + 13*q - 9. Give r(3).
-42
Let b(i) = -763*i + 51883. Give b(68).
-1
Let p(v) = -2*v**3 - 80*v**2 + v + 38. Determine p(-40).
-2
Let c(g) = 6*g**2 - 84*g + 44. Determine c(13).
-34
Let a(r) = 64*r - 3337. What is a(52)?
-9
Let q(w) = -2*w**2 + 28*w + 22. Calculate q(-6).
-218
Let h(g) = -6*g**2 + 14*g - 1. What is h(-9)?
-613
Let l(x) = -126*x**2 + 2*x + 2. Give l(-1).
-126
Let d(q) = -9046*q - 45239. What is d(-5)?
-9
Let i(y) = y**3 - 19*y**2 - 120*y + 54. Determine i(24).
54
Let i(w) = -2*w**3 - 86*w**2 - 82*w - 67. Give i(-42).
-151
Let f(r) = -r**2 + 104*r + 4764. What is f(-34)?
72
Let r(w) = 3*w**3 + 16*w**2 + 12*w + 14. Determine r(-6).
-130
Let y(f) = -f**2 - 24*f + 1946. Give y(33).
65
Let y(a) = 2*a**2 + 55*a - 153. Give y(-30).
-3
Let u(l) = -26*l - 573. Determine u(-17).
-131
Let h(x) = -x**3 - 17*x**2 - 27*x - 30. What is h(-15)?
-75
Let x(a) = 75*a - 745. Determine x(10).
5
Let s(l) = -l**3 + 39*l**2 - 34*l - 16. Calculate s(38).
136
Let v(r) = r**3 - 14*r**2 + 239*r - 1751. What is v(9)?
-5
Let y(u) = -u**2 - 25*u - 22. What is y(-16)?
122
Let o(v) = -v**2 - 821*v - 5719. Give o(-7).
-21
Let f(y) = -86*y + 328. Give f(4).
-16
Let l(f) = -22*f - 349. What is l(-16)?
3
Let p(m) = 5*m**3 + 9*m**2 + 7*m + 2. Determine p(-2).
-16
Let r(t) = -6*t**3 + 26*t**2 - 21*t + 86. Calculate r(4).
34
Let i(l) = 2409*l + 19275. Determine i(-8).
3
Let n(p) = -p**3 - 3*p**2 - 18*p - 71. What is n(-3)?
-17
Let s(f) = -f**2 + 40*f - 56. What is s(44)?
-232
Let k(g) = -2765*g - 38702. Calculate k(-14).
8
Let h(s) = -103*s - 3040. Give h(-29).
-53
Let a(c) = -110*c + 4187. What is a(38)?
7
Let t(l) = -622*l - 16177. Determine t(-26).
-5
Let v(k) = -13*k**3 + 3*k**2 - 16*k + 1. Determine v(0).
1
Let z(c) = -c**3 - 51*c**2 + 81. Give z(-51).
81
Let u(h) = 198*h - 33. What is u(2)?
363
Let y(d) = -d**3 + 47*d**2 + 102*d - 153. What is y(49)?
43
Let r(q) = -188*q**3 - 2*q**2 - q + 1. Calculate r(-1).
188
Let u(y) = 3*y**2 + 29*y - 127. What is u(-13)?
3
Let n(g) = -g**2 + 1340*g + 52361. Give n(-38).
-3
Let w(t) = -2*t**2 + 87*t - 297. Give w(42).
-171
Let z(f) = 176*f + 8279. Calculate z(-47).
7
Let c(f) = f**3 - 38*f**2 - 36*f + 2708. Calculate c(37).
7
Let a(i) = -11*i - 175. Determine a(-18).
23
Let v(l) = 3*l**3 - 61*l**2 + 79*l - 48. Calculate v(19).
9
Let m(n) = 9*n**3 - 2*n**2 + 227*n - 448. What is m(2)?
70
Let x(a) = 21*a**2 - 839*a + 48. What is x(40)?
88
Let f(k) = k**3 + 9*k**2 + 14*k - 16. What is f(-8)?
-64
Let s(v) = -v**2 - 10*v + 2790. Calculate s(-58).
6
Let y(w) = -3*w**3 + 50*w**2 - 43*w + 182. Give y(16).
6
Let c(k) = 9*k - 97. Calculate c(40).
263
Let u(r) = r**3 - 18*r**2 + 40*r - 67. Give u(15).
-142
Let f(x) = -1096*x - 5495. Determine f(-5).
-15
Let y(t) = -t**3 - 62*t**2 + 1064*t - 6. What is y(14)?
-6
Let o(v) = 322*v + 11499. Give o(-36).
-93
Let j(h) = h**2 - 35*h - 12. What is j(35)?
-12
Let j(n) = -60*n + 266. Calculate j(7).
-154
Let w(t) = -t**3 - 61*t**2 - 462*t + 310. What is w(-52)?
-2
Let j(u) = -36*u + 83. Calculate j(-7).
335
Let g(t) = t**3 + 17*t**2 - 34*t - 61. Give g(-18).
227
Let w(i) = -2*i**3 - 55*i**2 + 29*i + 36. Give w(-28).
8
Let n(r) = 10416*r - 83326. What